n factor of y and 4.
4
Suppose -3*a + 2*a + 13 = 0. Let j = a - 3. Suppose 0 = -5*h + j*h - 10. Calculate the greatest common factor of h and 14.
2
Suppose 3*i - 38 = 112. What is the greatest common divisor of i and 20?
10
Let p = -5 + 7. Let m(s) = -2 + 1 - 1 + s - p*s. Let r be m(-6). Calculate the highest common divisor of 20 and r.
4
Let i(d) = d + 19. Let q be i(-11). Let h = 0 + 2. What is the greatest common divisor of q and h?
2
Let z be -15*(2 - 4 - -1). Suppose 2*c - z = 3. What is the greatest common factor of 72 and c?
9
Let s be (-8)/24*1*-6. Calculate the highest common factor of 14 and s.
2
Let p = -86 - -112. Calculate the highest common factor of p and 91.
13
Let o(n) = -2*n**2 - n. Let z be o(-1). Let w be z/(1/17) + 2. Let b be (25/w)/((-2)/6). Calculate the highest common factor of 45 and b.
5
Let p be (-16)/(-6)*39 + 1. Suppose 8*m - 105 = 3*m. What is the highest common divisor of p and m?
21
Suppose -4*s + 6 = -s. Suppose s*r - 15 = 3. Suppose 3*z - r - 381 = 0. What is the greatest common factor of z and 13?
13
Let m(z) = z**2 + z + 1. Let p be m(-3). Suppose -14 = -3*s + 70. What is the highest common factor of s and p?
7
Let t = 38 - 26. Calculate the greatest common factor of t and 132.
12
Let c(i) = i + 37. Let s be c(-15). Calculate the greatest common divisor of s and 2.
2
Let d = 47 + 52. Let p be (-1 - -1)/(-2) - -11. Calculate the greatest common divisor of d and p.
11
Let a(z) = -z - 7. Let g be a(-11). Calculate the highest common factor of g and 1.
1
Suppose 0 = -3*u + 4*u - 6. Let h be 5*-6*(-4)/10. What is the greatest common divisor of h and u?
6
Let s be (-115)/(-46)*924/10. Calculate the highest common divisor of s and 21.
21
Let d be -5 - (-57 - (-2 - -6)). What is the greatest common factor of 84 and d?
28
Suppose -6*c + 8*c - x - 103 = 0, -3*c + x = -153. Let y(q) = -10*q. Let u be y(-1). Calculate the highest common divisor of u and c.
10
Suppose 0 = -f + 1, 2*f - 6 = 5*k - 14. Let x = 8 - k. Let s be -2 - ((-30)/(-8))/(9/(-120)). What is the highest common divisor of s and x?
6
Let j = 47 + -31. Suppose -o + 357 = 2*x, 4*o - 548 = -4*x + x. Calculate the highest common divisor of j and x.
16
Let k(j) be the third derivative of -9*j**4/8 + j**3/6 - 2*j**2. Let h be k(-2). Calculate the greatest common factor of 5 and h.
5
Let p = 0 + 5. Let f = p - -1. Calculate the greatest common factor of 24 and f.
6
Suppose 639 + 505 = 8*r. What is the greatest common divisor of r and 13?
13
Let g be (4/(-2) - 0)*-2. Suppose q = 2*o + 8, -o = -g*q + 2*o + 47. What is the greatest common divisor of 70 and q?
14
Let p = 202 - 110. What is the greatest common factor of p and 46?
46
Let h(v) = 3*v + 3. Let j be h(1). What is the greatest common factor of j and 18?
6
Suppose 2*d - 16 = d. Suppose -3*i + 25 = -q, q = -5*i + d + 15. Let u(s) = s**2 - 8*s + 9. Let t be u(i). What is the highest common divisor of 5 and t?
1
Let y(n) = 2*n**3 + 2*n**2 + n - 2. Let w be y(-2). Let k be w/(-30) + (-296)/(-10). What is the highest common factor of 6 and k?
6
Let c(r) = 7*r**2 + r - 2*r**2 + 4 + 0*r - r**3. Let a be c(5). Calculate the greatest common divisor of 99 and a.
9
Suppose 17 + 21 = 2*s. Suppose -l = -4*l + 2061. Suppose 0 = -4*t + z + l, -5*t - 3*z + 867 = -7*z. What is the highest common factor of t and s?
19
Suppose 2*d = -4 + 44. Calculate the highest common factor of 30 and d.
10
Let g(z) = -z**3 + 9*z**2 + 8*z + 7. Let v be g(8). What is the highest common factor of v and 15?
15
Let h = -84 + 87. Calculate the greatest common factor of h and 27.
3
Let t = -252 + 272. Suppose -x + o - 4*o + 4 = 0, -4*x = 2*o - 16. What is the greatest common divisor of t and x?
4
Let j(g) = -21*g - 15. Let p be j(-5). Suppose -z + 24 = -5*z. Let u(y) = -6*y. Let t be u(z). What is the highest common divisor of p and t?
18
Let k = -93 + 165. Let s be 4/(-10) - 42/(-5). What is the highest common factor of k and s?
8
Suppose 0*k - k + 13 = 0. What is the highest common divisor of k and 117?
13
Let r be (-6)/(-36) + 23/6. Let w = r - -2. Calculate the greatest common divisor of 18 and w.
6
Let m = 22 - 20. Let c(s) = -s**2 + 11*s - 10. Let t be c(8). Calculate the greatest common factor of t and m.
2
Suppose 0 = -d - d + 2. Let y be (d - -1)/(2/2). Let k be 15/1*(y - 1). What is the greatest common divisor of 120 and k?
15
Suppose -4*n = -14 - 74. Calculate the greatest common factor of n and 132.
22
Let q = 145 - 79. What is the highest common divisor of 22 and q?
22
Suppose 1 = -x, -353 = 3*p - 2*x + 788. Let c = p + 731. Suppose 3*a + 2*a = c. What is the greatest common factor of 10 and a?
10
Let o = 12 + -5. Let p be (-12)/18*(-252)/8. Calculate the highest common factor of o and p.
7
Let i be (4 - 4) + 4/2. Suppose -48 = c + i*c. Let p be (0 - -1)/((-2)/c). Calculate the greatest common factor of p and 32.
8
Let d(l) = 5*l - 1. Let a be d(3). What is the highest common factor of a and 35?
7
Let p(t) = -3*t - 6. Let m be p(-12). Suppose 3*w - 2*w - 15 = 0. Calculate the highest common divisor of m and w.
15
Let d be 3 + 2/(-3)*-3. Let x be (-3)/(-2)*(-6)/(-9). Let a(l) = 56*l**3 - 2*l**2 + 1. Let u be a(x). What is the greatest common factor of u and d?
5
Suppose -40 = -6*g + g. Suppose -i = -0*i + 3*z + 8, -3*z = 5*i - g. Calculate the greatest common factor of 10 and i.
2
Suppose -8*s + 3*s + 5*v = -105, 4*v + 68 = 3*s. Let u = -8 + 10. Suppose 74 = q + 2*h + 16, -u*h - 262 = -4*q. Calculate the highest common divisor of q and s.
16
Let z(t) = t**2 - t + 12. Let j be z(0). Let s = j + -2. Calculate the greatest common factor of s and 10.
10
Let q(t) be the first derivative of -12*t**2 + 2*t + 1. Let u = 5 + -7. Let v be q(u). Calculate the highest common divisor of 20 and v.
10
Suppose -5*h = -3*f + 3 + 32, -3*h - 37 = -5*f. What is the highest common divisor of f and 45?
5
Let h = -4 - -6. Suppose h*y - 2*r = r + 2, y = -3*r + 19. Suppose -3*p + 20 = -y. Calculate the greatest common divisor of p and 18.
9
Let g(m) = -m**2 - 3*m + 13. Let f be g(-6). Let s be (2 + (2 - f))*1. Calculate the greatest common divisor of 45 and s.
9
Let j = -23 - -32. Let p(d) = -d + 31. Let t be p(22). What is the greatest common factor of j and t?
9
Suppose -6 = w - 18. What is the highest common factor of w and 108?
12
Let a(p) = p**3 + 12*p**2 + 11. Let x be a(-12). What is the highest common factor of x and 22?
11
Suppose 0*o + 6 = 3*o. Suppose t + 4*n - o*n - 8 = 0, 0 = -3*t + n + 3. Suppose -3 - 3 = -3*s. What is the highest common factor of s and t?
2
Let z = -9 - -15. Let k(u) = -u + 1. Let p be k(1). Suppose 0 = -2*b + m - z*m + 5, p = 4*m + 12. Calculate the highest common factor of b and 4.
2
Let t = 3 + 0. Suppose 0 = t*p - 1 - 23. What is the greatest common divisor of 64 and p?
8
Let l(y) = y**2 - 5*y - 9. Let w be l(7). Let c(f) = 5*f - 4. Let n be c(w). Calculate the highest common divisor of 14 and n.
7
Suppose 3*q - 2*q - 2*g - 24 = 0, -g = -q + 27. What is the greatest common factor of 45 and q?
15
Let n(c) = 4*c**2 - 2*c + 3. Let v be n(2). Suppose 0*d = -d + 135. Calculate the highest common divisor of d and v.
15
Let o(v) = 440*v**2 + v. Let s be o(-1). Suppose -4*t - c - s = 0, -5*t - c = 663 - 113. Let d = -71 - t. What is the highest common factor of 10 and d?
10
Suppose -1369 - 86 = -5*z. Suppose -5*n = -294 - z. Calculate the greatest common divisor of 13 and n.
13
Suppose -5*a + 640 = -0*a. Calculate the highest common divisor of a and 16.
16
Let t be 20/(-25) - -1 - 198/(-10). What is the highest common factor of 180 and t?
20
Let g(s) = 12*s + 4. Let z be g(2). What is the greatest common factor of 154 and z?
14
Let t(c) = 4*c**2 + c + 1. Let y be t(-1). Suppose 0 = u + 2 + y. Let z(d) = d**2 + 3*d + 4. Let k be z(u). What is the greatest common divisor of k and 242?
22
Suppose -q + 98 = z - 0*q, 5*z - q - 472 = 0. What is the highest common divisor of z and 38?
19
Let k = -83 + 54. Let b = k + 69. Calculate the highest common factor of 10 and b.
10
Let d = -125 + 136. Let k be (-4)/18 + (-1091)/(-9). What is the greatest common divisor of k and d?
11
Let i(s) = s**2 - 15*s - 32. Let g be i(17). Let v = 7 - 2. Suppose 2*d + 2*h = -2, -5*d - 3*h - v = -4. What is the highest common factor of g and d?
1
Suppose